.
-30
Let b(n) = -n**3 + 6*n**2 + 11*n + 31. Calculate b(7).
59
Let q(h) = -6*h + 192. Give q(24).
48
Let u(j) = 4347*j**3 - 30430*j**2 + 5*j + 8. Calculate u(7).
-6
Let q(v) = 541*v + 5967. Determine q(-11).
16
Let k(l) = -3*l**3 + 721*l**2 - 227*l - 3114. Give k(240).
6
Let t(f) = -2*f**2 - 21*f + 32. Determine t(4).
-84
Let u(d) = 3*d**3 - 3*d**2 - 218*d + 38. Calculate u(-8).
54
Let p(v) = 7*v - 46. Determine p(-11).
-123
Let s(g) = -245*g + 18. Give s(0).
18
Let c(w) = 2*w**2 - 80*w - 352. Calculate c(-4).
0
Let f(b) = 12*b**3 + 33*b**2 + 62*b - 1. Give f(-2).
-89
Let f(h) = h**3 - 13*h**2 - h + 97. What is f(12)?
-59
Let u(t) = 568*t - 11929. Give u(21).
-1
Let i(x) = x**2 - 56*x + 64. What is i(55)?
9
Let a(j) = -5*j + 22. What is a(7)?
-13
Let w(g) = -19*g - 26. Determine w(-2).
12
Let p(y) = y**3 - 44*y**2 - 111*y + 1172. Determine p(46).
298
Let z(h) = -h**3 - 46*h**2 - 465*h - 6. Calculate z(-15).
-6
Let v(g) = -5*g - 75. Give v(-9).
-30
Let h(m) = -m**3 + 313*m**2 + 3588*m - 7775. Calculate h(324).
1
Let u(c) = 10*c**2 - 11*c + 38. Determine u(6).
332
Let i(y) = 51*y - 17653. Determine i(346).
-7
Let y(d) = 256*d - 13823. Give y(54).
1
Let k(s) = 7*s - 7. Give k(-1).
-14
Let a(i) = -i**3 - 3*i**2 + 43*i + 167. What is a(-4)?
11
Let f(y) = -1028*y + 4041. Give f(4).
-71
Let k(h) = -h**3 + 176*h**2 - 34*h + 5981. Determine k(176).
-3
Let l(d) = 14*d + 23. Calculate l(-3).
-19
Let k(t) = -t**3 + 9*t**2 + 28*t - 66. Give k(11).
0
Let b(t) = -t**3 + 11*t**2 + 36*t - 396. Give b(9).
90
Let r(l) = -53359*l + 426867. Give r(8).
-5
Let z(y) = 118*y - 470. Give z(4).
2
Let g(x) = -3*x**2 - 30*x + 362. Give g(0).
362
Let s(f) = -85*f**2 - 627*f - 72. Determine s(-7).
152
Let i(g) = -1949*g - 21426. Determine i(-11).
13
Let j(v) = -164*v + 2950. What is j(18)?
-2
Let a(g) = 4*g**2 + 301*g + 1131. Calculate a(-4).
-9
Let a(s) = s**3 - 52*s**2 - 207*s - 974. Give a(56).
-22
Let w(d) = 2*d - 184. What is w(-32)?
-248
Let i(j) = 50*j + 1645. What is i(-33)?
-5
Let d(h) = 11*h**2 + 92*h - 640. Determine d(7).
543
Let m(y) = 14*y**3 - 94*y**2 - 8*y - 133. Determine m(7).
7
Let m(g) = -217*g - 1953. Calculate m(-9).
0
Let p(y) = -4029*y + 4022. Determine p(1).
-7
Let o(k) = k**3 - 105*k**2 - 17*k + 1630. Give o(105).
-155
Let m(u) = 39*u - 1971. Give m(52).
57
Let k(s) = s**3 - 11*s**2 + 6*s - 67. Give k(11).
-1
Let h(a) = -36*a - 195. Give h(-8).
93
Let c(y) = -y**2 + 16*y - 62. Calculate c(7).
1
Let r(k) = -2*k**3 - 24*k**2 - 98*k - 825. Calculate r(-11).
11
Let u(x) = x**2 + 553*x + 4922. Determine u(-9).
26
Let n(q) = 551*q - 14335. Give n(26).
-9
Let m(w) = -42*w - 1279. Determine m(-28).
-103
Let s(f) = -f**3 - 9*f**2 + 7*f - 17. Calculate s(-7).
-164
Let r(s) = s**2 - 281*s - 1422. Determine r(-5).
8
Let r(i) = -4095*i + 12248. Give r(3).
-37
Let j(y) = -y**3 + 43*y**2 + 35*y + 365. Give j(44).
-31
Let x(c) = 3*c**3 + 13*c + 13. What is x(-1)?
-3
Let z(v) = -v**2 - 532*v + 4. Calculate z(0).
4
Let t(k) = -k**2 + 5*k + 29. Determine t(-4).
-7
Let u(p) = -439*p + 23744. Give u(54).
38
Let c(a) = -15*a**2 - 1907*a - 223. What is c(-127)?
31
Let c(z) = 23*z**2 + 4*z + 5. Determine c(-2).
89
Let f(z) = z**3 + 17*z**2 + 55*z + 22. Give f(-8).
158
Let d(l) = l**2 + 38*l - 90. Give d(0).
-90
Let g(v) = -v**3 + 12*v**2 - 34*v. Determine g(6).
12
Let n(w) = -4*w**2 + 31*w + 92. Determine n(0).
92
Let i(u) = -u**3 + 51*u**2 + 13*u + 600. Give i(51).
1263
Let n(s) = -s**3 + 18*s**2 + 258*s - 3270. What is n(23)?
19
Let i(o) = 35*o - 4659. Calculate i(133).
-4
Let q(l) = -l**2 - 4*l + 64. Calculate q(-15).
-101
Let v(n) = -224*n + 3116. Calculate v(14).
-20
Let p(x) = -4*x**2 - 199*x + 1234. Calculate p(6).
-104
Let z(v) = 254*v + 2796. Calculate z(-11).
2
Let u(f) = -11*f**3 + 38*f**2 + 109*f - 8. What is u(-3)?
304
Let n(q) = -q**2 - 5*q - 12. Give n(-21).
-348
Let s(u) = -9*u**2 - 23*u - 10. Calculate s(3).
-160
Let m(f) = f**2 + 20*f + 38. Calculate m(-21).
59
Let a(j) = 4*j**3 + 7*j**2 - 13*j + 8. What is a(3)?
140
Let d(x) = -187*x + 3925. Determine d(21).
-2
Let b(s) = -s**3 - 9*s**2 - 23*s - 41. Give b(-6).
-11
Let d(u) = 3*u**3 - 175*u**2 + 59*u - 67. What is d(58)?
-9
Let z(a) = -141*a - 4352. Give z(-31).
19
Let f(w) = -339*w - 14930. What is f(-44)?
-14
Let f(j) = 2*j**2 - 44*j + 148. Calculate f(17).
-22
Let g(c) = -4*c**2 + 264*c + 264. Calculate g(-1).
-4
Let w(s) = s**2 - 47*s - 852. What is w(61)?
2
Let y(c) = -c**2 + 167*c + 689. Calculate y(-4).
5
Let f(d) = -d**3 + 29*d**2 - 4*d + 86. Calculate f(29).
-30
Let s(n) = -1054*n - 15796. Determine s(-15).
14
Let n(h) = -9*h + 205. Determine n(15).
70
Let v(m) = 227*m - 7951. What is v(35)?
-6
Let r(n) = n**3 + 9*n**2 - 77*n + 63. Give r(-15).
-132
Let w(j) = -j**3 + 15*j**2 - 46*j - 27. Calculate w(12).
-147
Let g(z) = -474*z - 18044. Give g(-38).
-32
Let j(t) = t**3 - 18*t**2 + 110*t - 231. Determine j(8).
9
Let x(q) = 21*q - 152. What is x(7)?
-5
Let f(u) = u**3 + 16*u**2 + 21*u + 34. Calculate f(-6).
268
Let i(d) = 2611*d + 78. Give i(0).
78
Let s(b) = -b**3 + 26*b**2 + 34*b - 114. Give s(27).
75
Let c(v) = -v**3 - 14*v**2 - 37*v + 19. What is c(-10)?
-11
Let s(n) = 3*n**2 + 24*n - 251. Give s(9).
208
Let m(s) = 37*s**2 - 447*s + 16. Determine m(12).
-20
Let o(g) = 91*g + 859. What is o(-9)?
40
Let v(o) = -3*o**2 - 95*o + 1529. What is v(-42)?
227
Let r(x) = 102*x**2 - x - 9. What is r(-1)?
94
Let m(x) = 289*x - 639. Give m(6).
1095
Let l(z) = z**3 - 69*z**2 - 161*z + 1240. Determine l(71).
-109
Let u(v) = -12*v**3 + 10*v - 10. Determine u(1).
-12
Let f(b) = b**3 - 12*b**2 + 50*b - 80. What is f(7)?
25
Let n(i) = -21*i - 110. What is n(-5)?
-5
Let z(v) = v**3 + 24*v**2 - v + 64. Determine z(-22).
1054
Let x(c) = -c**3 - 25*c**2 + 26*c - 49. Determine x(-26).
-49
Let s(k) = 2*k**3 + 40*k**2 + 3*k + 37. What is s(-20)?
-23
Let x(t) = 40*t**3 - 6*t**2 + 13*t - 20. Determine x(2).
302
Let q(i) = i**3 - 3*i**2 - i - 287. Give q(0).
-287
Let s(k) = 8*k - 32. Calculate s(17).
104
Let j(k) = -k**3 + 16*k**2 + 5*k - 70. Determine j(16).
10
Let a(u) = 240*u + 720. Determine a(-3).
0
Let d(g) = 65*g**2 - g - 14. Determine d(0).
-14
Let p(s) = s**3 + s**2 - 7*s. Give p(2).
-2
Let j(c) = 7*c**2 - 816*c + 11600. Calculate j(100).
0
Let h(v) = -15*v**2 - 18*v - 48. Give h(-3).
-129
Let h(j) = 3*j**2 - 603*j - 3715. Determine h(-6).
11
Let i(p) = p**3 + 2*p**2 + 67*p + 200. Determine i(-3).
-10
Let r(z) = -52*z**2 - 7. Calculate r(1).
-59
Let t(q) = -3*q**2 + 69*q + 39. What is t(25)?
-111
Let n(s) = -19*s**3 - 8*s**2 - 5*s - 1. Determine n(-1).
15
Let y(b) = b**2 + 20*b - 129. What is y(-22)?
-85
Let c(m) = -582*m + 5178. Calculate c(9).
-60
Let u(s) = -29*s + 33. What is u(6)?
-141
Let n(c) = -c + 43. Give n(-31).
74
Let v(k) = k**3 - 14*k**2 + 31*k + 23. Determine v(11).
1
Let c(j) = -41*j**3 - 2*j**2 - 1665*j + 1666. Calculate c(1).
-42
Let m(p) = 2*p**3 + 88*p**2 + 329*p + 340. Determine m(-40).
-20
Let c(h) = h**3 - h**2 - 65*h + 191. Determine c(3).
14
Let r(j) = -62*j - 438. Calculate r(-7).
-4
Let b(c) = -c**3 + 36*c**2 + 81*c - 163. What is b(38)?
27
Let u(k) = 2*k**3 - 5*k**2 + k - 14. What is u(4)?
38
Let z(g) = -8*g**3 + 4*g**2 + g - 5. Calculate z(-2).
73
Let t(d) = 213*d + 1076. Give t(-6).
-202
Let j(s) = 13*s**3 + s**2 + 29*s - 30. What is j(1)?
13
Let i(o) = o**3 - 88*o**2 + 1258*o + 126. Calculate i(70).
-14
Let a(c) = c**3 - 9*c**2 + 141*c - 491. Determine a(4).
-7
Let w(j) = -5*j**2 - 278*j + 204. Calculate w(-56).
92
Let l(g) = g**2 - 472*g + 4155. What is l(9)?
-12
Let n(t) = t**2 - 215*t - 2487. Calculate n(-11).
-1
Let r(f) = -14*f**3 + 2*f**2 + 5*f - 3. What is r(1)?
-10
Let v(h) = 7*h - 66. Determine v(6).
-24
Let l(z) = 3*z**2 + 138*z - 709. What is l(5)?
56
Let b(h) = -h**3 + 89*h + 34. What is b(-9)?
-38
Let j(u) = -u**3 - 5*u - 43. What is j(-6)?
203
Let b(c) = 2*c**3 - 44*c**2 - 232*c - 71. Give b(-4).
25
Let h(a) = 13*a**2 + 785*a - 2119. Calculate h(-63).
23
Let i(x) = -423*x + 5922. Calculate i(14).
0
Let w(x) = -702*x - 11926. Give w(-17).
8
Let b(d) = -2*d**2 - 22*d - 78. Calculate b(-3).
-30
Let f(c) = -210*c + 186. What is f(1)?
-24
Let q(c) = -679*c - 5470. Give q(-8).
-38
Let u(q) = -q**2 - 34*q - 43. Determine u(-12).
221
Let a(i) = -25*i**2 + 1371*i + 207. 